{"id":56,"date":"2025-01-29T14:13:16","date_gmt":"2025-01-29T13:13:16","guid":{"rendered":"https:\/\/www.bunteblaetter.com\/?page_id=56"},"modified":"2025-04-07T16:35:29","modified_gmt":"2025-04-07T14:35:29","slug":"impressum","status":"publish","type":"page","link":"https:\/\/www.bunteblaetter.com\/?page_id=56","title":{"rendered":"Impressum"},"content":{"rendered":"\n<div style=\"height:80px\" aria-hidden=\"true\" class=\"wp-block-spacer\"><\/div>\n\n\n\n<h1 class=\"wp-block-heading has-text-align-center\">Impressum<\/h1>\n\n\n\n<div style=\"height:30px\" aria-hidden=\"true\" class=\"wp-block-spacer\"><\/div>\n\n\n\n<p>Verantwortlich f\u00fcr diese Website ist der Verein \u201eBunte Bl\u00e4tter\u201c<\/p>\n\n\n\n<ul class=\"wp-block-list\">\n<li><a href=\"https:\/\/www.google.at\/maps\/place\/Albert-Schweitzer-Gasse+36,+8020+Graz\/@47.063954,15.427427,600m\/data=!3m2!1e3!4b1!4m6!3m5!1s0x476e357abefe39a3:0x93d9a278efcab98b!8m2!3d47.063954!4d15.4300019!16s%2Fg%2F11c1wzw7fm?entry=ttu&amp;g_ep=EgoyMDI1MDEyOS4xIKXMDSoASAFQAw%3D%3D\" target=\"_blank\" rel=\"noreferrer noopener\">Albert-Schweitzer-Gasse 36, 8010 Graz<\/a><\/li>\n\n\n\n<li><a href=\"tel: 436509129128\" target=\"_blank\" rel=\"noreferrer noopener\">+43 (0) 650 91 29 128<\/a><\/li>\n\n\n\n<li><a href=\"mailto:office@bunteblaetter.com\" target=\"_blank\" rel=\"noreferrer noopener\">office@bunteblaetter.com<\/a><\/li>\n<\/ul>\n\n\n\n<p>Zentrales Vereinsregister (&nbsp;<a href=\"http:\/\/zvr.bmi.gv.at\/Start\">ZVR online<\/a>&nbsp;Verein Bunte Bl\u00e4tter: 941575816)<\/p>\n\n\n\n<p>Der Verein \u201eBunte Bl\u00e4tter\u201c kann f\u00fcr die Inhalte der Websites keine Haftung \u00fcbernehmen. Wir bem\u00fchen uns um Qualit\u00e4t, Aktualit\u00e4t und Richtigkeit der Informationen, Fehler und Irrt\u00fcmer k\u00f6nnen aber nicht ausgeschlossen werden; R\u00fcckmeldungen werden gerne entgegen genommen.<\/p>\n\n\n\n<p>Links zu anderen Websites wurden sorgf\u00e4ltig ausgew\u00e4hlt. Auf deren Inhalt hat der Verein \u201eBunte Bl\u00e4tter\u201c &nbsp;keinen Einfluss und kann daher keine Verantwortung \u00fcbernehmen.<\/p>\n\n\n\n<p>Information nach Informationspflichten nach Art. 13 DSGVO f\u00fcr Vereinsmitglieder und Ehrenamtliche<\/p>\n\n\n\n<p>Ihre Daten werden von uns in einem Ordner im Original abgelegt sowie in einer Tabelle eingetragen. Sie erhalten in regelm\u00e4\u00dfigen Abst\u00e4nden Informationen und Einladungen zu unseren Veranstaltungen und Veranstaltungen, welche die Geriatrische Gesundheitszentren abhalten.<\/p>\n\n\n\n<div style=\"height:80px\" aria-hidden=\"true\" class=\"wp-block-spacer\"><\/div>\n","protected":false},"excerpt":{"rendered":"<p>Impressum Verantwortlich f\u00fcr diese Website ist der Verein \u201eBunte Bl\u00e4tter\u201c Zentrales Vereinsregister (&nbsp;ZVR online&nbsp;Verein Bunte Bl\u00e4tter: 941575816) Der Verein \u201eBunte [&hellip;]<\/p>\n","protected":false},"author":1,"featured_media":0,"parent":0,"menu_order":0,"comment_status":"closed","ping_status":"closed","template":"","meta":{"site-sidebar-layout":"default","site-content-layout":"","ast-site-content-layout":"","site-content-style":"default","site-sidebar-style":"default","ast-global-header-display":"","ast-banner-title-visibility":"","ast-main-header-display":"","ast-hfb-above-header-display":"","ast-hfb-below-header-display":"","ast-hfb-mobile-header-display":"","site-post-title":"disabled","ast-breadcrumbs-content":"","ast-featured-img":"","footer-sml-layout":"","theme-transparent-header-meta":"","adv-header-id-meta":"","stick-header-meta":"","header-above-stick-meta":"","header-main-stick-meta":"","header-below-stick-meta":"","astra-migrate-meta-layouts":"default","ast-page-background-enabled":"default","ast-page-background-meta":{"desktop":{"background-color":"var(--ast-global-color-4)","background-image":"","background-repeat":"repeat","background-position":"center center","background-size":"auto","background-attachment":"scroll","background-type":"","background-media":"","overlay-type":"","overlay-color":"","overlay-opacity":"","overlay-gradient":""},"tablet":{"background-color":"","background-image":"","background-repeat":"repeat","background-position":"center center","background-size":"auto","background-attachment":"scroll","background-type":"","background-media":"","overlay-type":"","overlay-color":"","overlay-opacity":"","overlay-gradient":""},"mobile":{"background-color":"","background-image":"","background-repeat":"repeat","background-position":"center center","background-size":"auto","background-attachment":"scroll","background-type":"","background-media":"","overlay-type":"","overlay-color":"","overlay-opacity":"","overlay-gradient":""}},"ast-content-background-meta":{"desktop":{"background-color":"var(--ast-global-color-5)","background-image":"","background-repeat":"repeat","background-position":"center center","background-size":"auto","background-attachment":"scroll","background-type":"","background-media":"","overlay-type":"","overlay-color":"","overlay-opacity":"","overlay-gradient":""},"tablet":{"background-color":"var(--ast-global-color-5)","background-image":"","background-repeat":"repeat","background-position":"center center","background-size":"auto","background-attachment":"scroll","background-type":"","background-media":"","overlay-type":"","overlay-color":"","overlay-opacity":"","overlay-gradient":""},"mobile":{"background-color":"var(--ast-global-color-5)","background-image":"","background-repeat":"repeat","background-position":"center center","background-size":"auto","background-attachment":"scroll","background-type":"","background-media":"","overlay-type":"","overlay-color":"","overlay-opacity":"","overlay-gradient":""}},"footnotes":""},"class_list":["post-56","page","type-page","status-publish","hentry"],"_links":{"self":[{"href":"https:\/\/www.bunteblaetter.com\/index.php?rest_route=\/wp\/v2\/pages\/56","targetHints":{"allow":["GET"]}}],"collection":[{"href":"https:\/\/www.bunteblaetter.com\/index.php?rest_route=\/wp\/v2\/pages"}],"about":[{"href":"https:\/\/www.bunteblaetter.com\/index.php?rest_route=\/wp\/v2\/types\/page"}],"author":[{"embeddable":true,"href":"https:\/\/www.bunteblaetter.com\/index.php?rest_route=\/wp\/v2\/users\/1"}],"replies":[{"embeddable":true,"href":"https:\/\/www.bunteblaetter.com\/index.php?rest_route=%2Fwp%2Fv2%2Fcomments&post=56"}],"version-history":[{"count":6,"href":"https:\/\/www.bunteblaetter.com\/index.php?rest_route=\/wp\/v2\/pages\/56\/revisions"}],"predecessor-version":[{"id":588,"href":"https:\/\/www.bunteblaetter.com\/index.php?rest_route=\/wp\/v2\/pages\/56\/revisions\/588"}],"wp:attachment":[{"href":"https:\/\/www.bunteblaetter.com\/index.php?rest_route=%2Fwp%2Fv2%2Fmedia&parent=56"}],"curies":[{"name":"wp","href":"https:\/\/api.w.org\/{rel}","templated":true}]}}